+ 32*n - 22. Let i = -25 - -37. Let s be t(i). Let v = s + 33. What is the remainder when v is divided by 27?
26
Suppose 79 + 525 = 8*o - 1780. What is the remainder when o is divided by 259?
39
Let x = 7 - -2. Let f(k) = k**2 + 14*k + 30. Suppose 41*h - 33*h = -104. Calculate the remainder when f(h) is divided by x.
8
Let j(i) = 10*i**3 + i**2 + 3*i - 4. Let v be j(1). Suppose -3*f = 11 + v. Let a = 0 - f. What is the remainder when 83 is divided by a?
6
Let i = 29 - 17. Suppose -m + 112 = 5*u, 5*u - 3*m - 12 = 92. Calculate the remainder when u is divided by i.
10
Suppose 427*o - 1708 = 413*o. Calculate the remainder when o is divided by 0/2 - (1 - 42).
40
Let x(y) = -4*y**2 - y**2 + 6*y**2 - 3*y**2 + 44*y + 17. What is the remainder when 49 is divided by x(22)?
15
Let s(i) = i**2 + 109*i + 1236. What is the remainder when 186 is divided by s(-12)?
42
Suppose 2*l + 4*q = 64, 2*q - 7*q = l - 41. Suppose -95 + 443 + 706 = 62*p. Calculate the remainder when l is divided by p.
9
Let x(l) = 2*l - 16. Let p be x(8). Let n be ((11 - p)/(-6 + 5))/1. Let q(h) = -10*h - 36. Calculate the remainder when q(n) is divided by 19.
17
Suppose 2*u - 2220 = -4*o + 606, 4*o - 4*u = 2832. What is the remainder when o is divided by 120?
107
Let f be (16 + 2)/((-18)/(-12)). Suppose 15*a = -3*l + 13*a + 7, 5*l = -4*a + 9. Calculate the remainder when (-6)/(-9) - (-220)/f is divided by l.
4
Let d = 12 + 24. Suppose -17*p + 19*p = -40. Let s(k) = -k**2 - 24*k + 24. Calculate the remainder when s(p) is divided by d.
32
Let a(x) = 782*x - 39. Let g be a(2). What is the remainder when 238 is divided by ((-1)/5)/((-5)/g)?
55
Let i(b) = 52*b + 1139. Calculate the remainder when 112 is divided by i(-21).
18
Let s = 14965 - 14060. What is the remainder when s is divided by 234?
203
Suppose -46*a = 562*a - 31616. Suppose -306 = -3*q - 0*q. Calculate the remainder when q is divided by a.
50
Let h = 6913 - 6899. What is the remainder when 393 is divided by h?
1
Let w = 9 + 3. Let x = -601 - -1114. Suppose 0 = -11*r + 1558 - x. Calculate the remainder when r is divided by w.
11
Suppose -9 = 3*c, 3*q - 2*c + c = -78. Let b(p) = -15*p - 200. Calculate the remainder when b(q) is divided by 23.
21
What is the remainder when (-2)/(-2) - 1 - 4*(-1475)/20 is divided by 38?
29
Let y(x) = 34*x**3 - 90*x**2 - 27*x - 14. Suppose 0 = -4*p + 2 + 2. Let k = p - -2. Calculate the remainder when y(3) is divided by k.
1
Let r(b) = b**3 - 7*b**2 - b + 40. Let a be r(6). Calculate the remainder when (4/a)/(10/(-9 - 81)) is divided by 12.
6
Let w(v) = -v**2 - 7*v + 133. What is the remainder when w(0) is divided by 18?
7
Let g(v) = -v**3 + 8*v**2 + 7*v - 4. Let a = 2700 - 2607. Calculate the remainder when g(6) is divided by a.
17
Suppose 6*q = 4*q + 4. Suppose -5*j + 422 - 400 = a, 0 = j - 2*a. Calculate the remainder when j is divided by q.
0
Calculate the remainder when 326196/615 - (-6)/(-15) is divided by 185.
160
Suppose -21*z + 18*z + 6 = 0. Let k(q) = 54*q + 5. What is the remainder when k(z) is divided by 38?
37
Let b(h) = -7*h + 32. Let p be (-6)/(-9)*3 + -18. Let a = 31 + p. Calculate the remainder when b(-8) is divided by a.
13
Suppose 5*g + 2*g - 1424 = 3*g. Calculate the remainder when g is divided by 349.
7
Let s(z) = z - 2. Let c(v) = -v**2 - 21*v + 5. Let r(j) = -c(j) - 6*s(j). Let y(a) = -7*a + 20. Let x be y(5). What is the remainder when 20 is divided by r(x)?
6
Suppose r = -5*x + 922, -5*x = -0*x - r - 918. Let o = -96 + x. Calculate the remainder when o is divided by 13.
10
Let b = 2277 - 2253. Calculate the remainder when 353 is divided by b.
17
Let x(t) = -2*t**3 - 29*t**2 + 35*t - 110. Calculate the remainder when 2256 is divided by x(-17).
36
Let v(x) = -14 + 114*x**2 - 107*x**2 + x**3 - 3 - 11*x. What is the remainder when v(-6) is divided by 24?
13
Let y = 382 + -582. Let r = y - -214. What is the remainder when 109 is divided by r?
11
Let h be (40/6 + 0)*441/294. Calculate the remainder when 86 - (0 - -6)*(-5)/h is divided by ((-2)/4 - 2)*-12.
29
Let m(z) = -z**2 - 3*z + 3*z**3 - 2 - z**3 + 3*z**2 + 3*z**3. What is the remainder when m(3) is divided by 36?
34
Let f = -20767 + 20772. Suppose -m - 2*p + 2 + 8 = 0, -3*m + 25 = 5*p. What is the remainder when (m - (-1)/3)*111 is divided by f?
2
Let n(y) = 35*y**2 + 92*y - 741. What is the remainder when n(9) is divided by 11?
7
Let q(m) = -m**3 + 12*m**2 - 28*m + 91. What is the remainder when 500 is divided by q(5)?
122
Let h = 10666 - 10399. Calculate the remainder when 514 is divided by h.
247
Let u(n) = -832*n + 5306. What is the remainder when 981 is divided by u(6)?
39
Let r(y) = -y**3 - 16*y**2 + 36*y + 5. Let c be r(-18). Let f(a) = 26*a - 106. Calculate the remainder when 66 is divided by f(c).
18
Let d = -27441 - -27724. What is the remainder when 310 is divided by d?
27
Suppose 4*f - 5396 = 3*z, -3*f + 17*z - 26*z + 4047 = 0. What is the remainder when f is divided by 70?
19
Suppose 5*t - 5*x - 9978 = -1278, -8650 = -5*t - 5*x. Calculate the remainder when 5222 is divided by t.
17
Let p(t) = 3*t**2 + 2*t - 2. Suppose -19942*u + 19577*u = -60590. Calculate the remainder when u is divided by p(3).
11
Let m(u) = u**3 + 22*u**2 - 4*u - 14. Let f(s) = -s**3 - 22*s**2 + 2*s + 13. Let r(g) = -3*f(g) - 2*m(g). What is the remainder when r(4) is divided by 83?
81
Suppose -222*i + 226*i + 4*k = 104, 4*i - k = 69. Suppose -s - 6 = s, 0 = -5*d + 5*s + 460. Calculate the remainder when d is divided by i.
13
Let v be 121 - (-9)/3 - 4. Suppose -7*n + n = -v. Suppose 0 = o + 5*k - 46, -o = -k - n - 50. Calculate the remainder when o is divided by 34.
32
Let r(g) = -17*g**3 - 356*g**2 + 23*g + 46. Let l(x) = -3*x**2 - 68*x - 16. What is the remainder when l(-21) is divided by r(-21)?
1
Suppose 7 = f + 25. Let c(z) = z**3 + 17*z**2 - 18*z + 16. Let d(u) = -12*u - 9. Calculate the remainder when d(-6) is divided by c(f).
15
Suppose -1358 = -13*p + 124. What is the remainder when 1708 is divided by p?
112
Let a be (81/15 + -2)/(2/10). Suppose a*v - 4945 = -26*v. Calculate the remainder when v is divided by 29.
28
Let g(w) = -w**3 - 71*w**2 - 70*w + 60. What is the remainder when g(-70) is divided by 21?
18
Let m = -249 - -552. Let x = m + -272. What is the remainder when 90 is divided by x?
28
Let c = -99 + 164. Let u = 374 - 357. Calculate the remainder when c is divided by u.
14
Suppose -3*p = -0*p - 2*r - 247, 5*r + 78 = p. Suppose 5*k = -4*t + 170, -2*k + p = -4*t - 13. Calculate the remainder when 188 is divided by k.
36
Let y(w) be the third derivative of 12*w**2 + 9/2*w**3 - 1/24*w**4 - 1/60*w**5 + 0*w + 0. What is the remainder when y(0) is divided by 7?
6
Suppose -4*q = -4*c + 32, -22 = -94*c + 91*c + 5*q. Suppose 25 = y + 2*p + 2*p, 3*p + 9 = 0. What is the remainder when y is divided by c?
1
What is the remainder when 58 is divided by -13 + (12 + 1 - -55)?
3
Suppose 0 = -90*k + 87*k + 186. Suppose 4*j = 0, 2*d - 2*j - k = -j. Calculate the remainder when 90 is divided by d.
28
Let h = -21783 + 22126. Calculate the remainder when h is divided by 80.
23
Let s = -155 + 980. Suppose 0 = -20*l + s + 375. What is the remainder when l is divided by 7?
4
Suppose 47*j - 48 = 50*j + 3*k, -3*k = 3. What is the remainder when 359 is divided by (35/25 + -5)/(3/j)?
17
Let v = -50 - -56. Suppose -v*f - 657 = -15*f. What is the remainder when 581 is divided by f?
70
Suppose 56*z - 136648 = -20*z. Calculate the remainder when z is divided by 30.
28
Suppose -2*u = -i + 101, -4*i + 540 - 103 = 3*u. Suppose 6*a - 64 - 68 = 0. Calculate the remainder when i is divided by a.
19
Let l(t) = -2*t**2 - 34*t + 7. Suppose 9*w = 10*w - 12. Let i = w - -1. Calculate the remainder when i is divided by l(-17).
6
Suppose 143*z = -117*z + 1464164 - 338884. Calculate the remainder when z is divided by 6.
2
Let l = -486 - -807. Let a = 355 - l. What is the remainder when 234 is divided by a?
30
Let g(k) = -k**2 - 7*k + 9. Let b = -5 - 2. Let n(j) = 557*j - 3328. Calculate the remainder when n(6) is divided by g(b).
5
Suppose -7*k + 106 = -76. Let d = -8 - k. Let n = -28 - d. What is the remainder when 53 is divided by n?
5
Suppose 19238 + 422 = 4*o. What is the remainder when o is divided by 11?
9
Calculate the remainder when -9 + (-100)/(-10) + 152 i